t z be ((-3)/(-6))/(1/k). Let r be ((-3)/9)/(3/(-72)). Calculate the greatest common factor of r and z.
8
Let p(y) = -y**3 + 6*y**2 + 4*y - 4. Let g be p(6). Calculate the greatest common factor of g and 100.
20
Suppose 0 = -4*o + 3*o + 2. What is the greatest common divisor of 14 and o?
2
Let l = 9 - 7. Suppose 0 = h - l*h. Suppose h*z + 2*z - 168 = 0. Calculate the highest common factor of 12 and z.
12
Suppose -143 - 117 = -f. Let d = -60 + f. Calculate the greatest common divisor of 20 and d.
20
Suppose -5*v + 30 = -2*v. Calculate the highest common divisor of 10 and v.
10
Let m = 79 - -17. Let b(k) = 2 + 2*k**2 + 2*k**3 + 2*k - k - 4*k**2. Let v be b(2). What is the greatest common divisor of v and m?
12
Let q = 32 - -38. Suppose 0*r = 2*x + 3*r - 3, r = -3*x + 1. Let k = x - -10. What is the highest common divisor of q and k?
10
Let t be 27*2/(-4)*6/(-3). What is the greatest common factor of 18 and t?
9
Let a be (2/(-5))/((-3)/60). Calculate the greatest common divisor of a and 64.
8
Let c(a) = a**2 + 7*a - 6. Let h be c(-8). Let o be (7 - -4)*(1 - -1). What is the highest common divisor of o and h?
2
Suppose 4*w - w = 9. Suppose -3 = w*n + 3*t - 27, 2*t - 27 = -3*n. Let k(o) = 34*o**3 - 1. Let l be k(1). What is the greatest common divisor of l and n?
11
Suppose -4*m - 2*m = -1080. Let k(n) = -5*n - 5. Let l be k(-5). What is the greatest common factor of m and l?
20
Suppose 6*q = 8*q - 60. What is the highest common factor of 150 and q?
30
Let v(o) = o**3 + 15*o**2 - 18*o + 5. Let j be v(-16). What is the highest common factor of j and 296?
37
Let b be -1*(-3 - -2) + 27. Suppose 4*y - 135 = 49. Let u = y - b. Calculate the highest common factor of u and 12.
6
Suppose -25*y + 34*y = 468. Suppose -5*m + 662 = -3*a, m + 118 = 2*m + 3*a. Calculate the highest common factor of y and m.
26
Suppose 0 = 5*i - 88 - 37. Calculate the highest common factor of 175 and i.
25
Suppose 44 = 5*b + f, 3*b + 2*f + 8 = 5*b. Let h be ((-1)/(-2))/((-645)/(-160) + -4). Calculate the highest common factor of b and h.
8
Suppose -2*d + 134 = 5*i + d, -5*i - 2*d + 136 = 0. What is the greatest common factor of 14 and i?
14
Let t be 3*(0 + 4/(-3)). Let m = 0 - t. Suppose -5*a - 3*d + m = 6, 5*d + 30 = 5*a. Calculate the greatest common factor of a and 16.
2
Suppose -109 = -2*v + 83. What is the greatest common factor of v and 12?
12
Let m(u) = 9*u. Let f be m(-1). Let z = f - -1. Let k(r) = r**3 + 7*r**2 - 9*r. Let y be k(z). What is the greatest common divisor of 8 and y?
8
Suppose -5*j + z + 14 + 34 = 0, -5*j - 4*z = -33. Calculate the highest common factor of j and 72.
9
Let r(t) = -7*t + 20. Let j be r(0). Calculate the greatest common factor of 160 and j.
20
Let k = -26 + 40. Suppose 3*f - 4*y + 2 = 0, y = -0*y + 2. Let w(n) = 28*n**2. Let q be w(f). What is the highest common factor of q and k?
14
Let o(n) = 2*n - 1. Let a be 2*(1 - 3/(-2)). Let i be o(a). What is the highest common divisor of i and 3?
3
Let h = -5 - 8. Let z = -6 - h. What is the highest common factor of 14 and z?
7
Suppose a - 323 = 5*a + 5*y, -6 = 2*y. Let u = -37 - a. Calculate the highest common divisor of u and 10.
10
Suppose 3*t + 3*f = -21, -11 = t - 4*f + f. Let o = t + 3. Let x = 0 - o. What is the highest common factor of x and 20?
5
Suppose -2*u = -5*u + 213. Let m = 119 - u. Suppose t + 2*c - 102 = -t, -t = 2*c - m. What is the greatest common factor of t and 18?
18
Let v = -16 - -27. Let s(x) = x + 3. Let m be s(8). What is the greatest common divisor of m and v?
11
Suppose -14*k + 158 + 136 = 0. What is the highest common divisor of k and 7?
7
Let l be 6/(-2) + (-15)/(-1). Calculate the greatest common factor of 4 and l.
4
Suppose -7 - 5 = -4*v. Let s be ((-2)/1)/((-6)/21). Suppose v*b - s*b = -280. Calculate the highest common factor of 14 and b.
14
Let x be 2/(-7) - 535/(-35). Suppose 0 = c - f - 27, -c - 114 = -5*c + 2*f. Calculate the highest common factor of x and c.
15
Let x(d) = 4*d**2 - 6. Let j be x(3). Calculate the highest common divisor of 10 and j.
10
Let f(y) = -y - 10. Let w be f(-8). Let u be w + (10 + -2 - -2). What is the highest common divisor of 8 and u?
8
Suppose -4*s = l - 0*l + 27, -5*l + 3*s - 66 = 0. Let b be ((-4)/10)/(1/l). Calculate the greatest common factor of b and 24.
6
Suppose 0*i + 2*i - 4 = 0. Let v be (-2 + (-2)/2)/(-1). Calculate the greatest common factor of i and v.
1
Let c(k) = -k**2 + 6*k + 1. Let a be c(5). Suppose -d + 0*d = -a. What is the highest common divisor of d and 30?
6
Let z(n) = n**2 - 6*n + 4. Let r be z(6). Calculate the greatest common factor of 1 and r.
1
Suppose -2*o = 3*o - 10. Suppose o = -g + 4. Calculate the highest common factor of 18 and g.
2
Let w(f) = -8*f - 3. Let z be w(-3). Let y = 39 - z. What is the highest common factor of 9 and y?
9
Let p = 23 - 8. Suppose -p - 33 = -3*h. Suppose -2*g = -w - 15, -5*g = -5*w - 14 - h. Calculate the greatest common factor of 27 and g.
9
Let f = -4 + 8. Suppose f*s = -3*t + 13 + 55, 5*t = 4*s + 92. Let u = 35 - t. What is the highest common divisor of u and 75?
15
Let j be 2 - -138 - 20/5. Calculate the highest common factor of 17 and j.
17
Suppose 20 = 2*i + 2*i. Let z = 7 - 6. Suppose -2*u - z = -4*w - u, -2*w + u = 1. Calculate the highest common divisor of i and w.
1
Let w = 23 - 20. Let u be 2/w - (-21)/9. Let y(x) = 28*x - 1. Let s be y(1). Calculate the greatest common divisor of s and u.
3
Let o be (-7 + -5)*(1 - 2). Calculate the greatest common factor of o and 84.
12
Let u(o) = o**2 - 10*o + 2. Let v be u(11). Let l be (1/2)/(v/676). What is the greatest common factor of 13 and l?
13
Let b = -150 + 199. What is the greatest common divisor of 28 and b?
7
Let u = 12 - 6. Suppose -3*o + 3 + u = 0. Suppose 8 = g + o. What is the greatest common divisor of 5 and g?
5
Let j(p) = 2*p**2 + 6*p + 5. Let h be j(-4). Suppose -h = -2*b + 15. Calculate the highest common factor of b and 28.
14
Suppose -8 = -f - 2*k + 7, 4*k - 51 = -5*f. Suppose -2*w = -3*t + 23, w + 22 - 49 = -4*t. What is the highest common divisor of f and t?
7
Let b = 5 - 21. Let h be -4*(-3 - 36/b). Calculate the highest common divisor of 12 and h.
3
Let r(g) = -g**3 - 7*g**2 + g - 3. Let m be r(-7). Let b = -6 - m. Suppose 0 = -0*l - 4*l + 80. Calculate the greatest common factor of b and l.
4
Let k be (-4)/(-2) - (3 - 0). Let p be k*(-21)/(4 - 1). Calculate the highest common divisor of 14 and p.
7
Let q = 18 + -16. Suppose -4*k + 14 = -q*k. Calculate the highest common factor of k and 35.
7
Let r be -1 + (-2 - -6) + 2. Suppose 3*w - r*p - 145 = 0, -3*p = -2*w + w + 47. Calculate the greatest common divisor of w and 20.
10
Let t(m) = -23*m + 5. Let g be t(-5). Calculate the highest common divisor of 24 and g.
24
Let t = -95 - -125. What is the highest common divisor of 20 and t?
10
Let q = 29 - 17. What is the greatest common divisor of q and 96?
12
Suppose 14 = q - 103. Let g(z) = -26*z**2 + 1. Let a be g(-1). Let f = 38 + a. What is the greatest common factor of q and f?
13
Let t be 1*(4 - 2) + -2. Suppose -92 = -t*b - 4*b. Let v(z) = -24*z - 1. Let h be v(-1). Calculate the highest common divisor of b and h.
23
Let b be (1/(-12)*15)/((-1)/64). What is the greatest common divisor of 16 and b?
16
Let f = 129 - -267. Suppose -u = -4*u + f. Suppose -3*k = -2*k - 12. Calculate the greatest common factor of k and u.
12
Let h = 11 + -11. Let y(g) = 4*g**3 - 5*g**2 + g. Let d be y(4). Suppose d = f - h*f. Calculate the highest common factor of f and 18.
18
Suppose -2*g + 3*n = 2*n + 13, -3*n - 17 = 2*g. Let o = 88 - g. What is the highest common factor of o and 19?
19
Let b be ((-40)/(-12))/(4/6). Suppose 0*f - 4*p - 94 = -b*f, -f = -5*p - 23. Calculate the highest common factor of f and 6.
6
Suppose 4*i = -2*t - 52, 9*t = 4*t - 5*i - 110. Let g = t + 21. Calculate the highest common divisor of g and 21.
3
Let w = 0 - -9. Calculate the highest common divisor of w and 45.
9
Suppose 5 = -k + 14. Calculate the greatest common divisor of 1 and k.
1
Suppose -3*s + 14 = -p, -5*s + 0*s = 4*p + 5. Suppose 0 = 3*o + s*v - 36, -4*o - 2*v = -35 - 11. What is the highest common divisor of o and 121?
11
Let o(u) = 3 - 3 - 2*u - 5 - 18*u. Let l be o(-4). Let b = l - 51. Calculate the highest common divisor of b and 6.